k(-9). Let n(y) = 4*y - 9. Let f(j) = -9*j + 19. Let a(h) = -3*f(h) - 7*n(h). Give a(x).
0
Let k(u) be the second derivative of -u**4/12 - 7*u**3/6 - 3*u**2/2 + u. Let y be (-1)/((-1)/(-3)) + 0. Determine k(y).
9
Let w(m) = -m**3 + 7*m**2 + 8*m - 1. Let b be w(8). Let j(d) = -d - 2. Let f(h) = -2 + 2 + 1. Let v(c) = -9*f(c) - 4*j(c). Determine v(b).
-5
Suppose 2*v + i = 5*v - 2, 2*v - 12 = -2*i. Suppose v*b + 3*b - 10 = 0. Let h(t) = -b*t**2 - 4*t + 4*t + 2*t**3 - 2. Determine h(2).
6
Let n(m) = -3*m. Let q(l) = -14*l. Let i(o) = 21*n(o) - 4*q(o). Let c(f) = -2*f - 1. Let k be c(-1). Calculate i(k).
-7
Suppose -z - o = -4, 4 - 13 = -2*z - o. Let s(r) = 3*r - z*r**2 + 0*r**2 + 3*r**2. Let m = 3 - 1. Calculate s(m).
-2
Suppose 2*a + 9 - 1 = 0. Let w(c) = c**2 + c - 3. Determine w(a).
9
Let n(l) = l**3 - 6*l**2 + 5*l. Let b be n(6). Suppose u = -3*a + 13 + 19, -5*a + 3*u + b = 0. Let h be (-38)/a - (-2)/9. Let s(q) = -2*q - 3. What is s(h)?
5
Suppose 0*i = -4*i + 4*d + 20, 25 = 2*i - 5*d. Let t be 3/(-1) - (i + 3). Let m(g) = -g**2 - 3*g + 7. Give m(t).
-11
Let f(v) = -v**3 + 4*v**2 + 6*v - 2. Let p be 2/(-3) + (-119)/(-21). Let d be f(p). Let x(i) = -2*i + 4. Calculate x(d).
-2
Let g be -1*3 - (-2)/(-1). Let s(u) be the first derivative of -u**3/6 + 2*u - 2. Let k(q) be the first derivative of s(q). Give k(g).
5
Suppose 2*h + 7 = -3. Let r be (-10)/((-5)/(h/(-2))). Let c(s) = s**2 - 6*s - 6. What is c(r)?
-11
Let f(s) = s - 5. Let y be f(8). Let n(l) = 4*l**3 - 2*l**2 - 5*l**3 + y*l + l. Let h(w) = 4*w + 1. Let i be h(-1). Calculate n(i).
-3
Let b(y) = 7*y**2 - 6*y. Let c(w) be the second derivative of -5*w**4/4 + 13*w**3/6 - 3*w. Let v(g) = -13*b(g) - 6*c(g). What is v(3)?
-9
Let u(y) = 3*y - 4. Suppose -3*z = -7*z + 60. Suppose -4*g + z = f - 2*f, -g - 20 = -5*f. Give u(g).
11
Let f(g) = 5*g + 5. Let m be f(3). Let a = 14 - m. Let p(q) = q - 2. What is p(a)?
-8
Let u(v) = -3*v**2 - 3*v - 2. Let z = -115 + 113. Calculate u(z).
-8
Let t(d) = d**2 + 2*d - 3. Suppose 6 = 2*q - 4. Let s(z) = -2*z - z + q*z. Let b be s(1). Calculate t(b).
5
Suppose -o - 29 = -35. Let c(a) = a**3 - 6*a**2 + a. Determine c(o).
6
Let u = -570 - -569. Let h(k) = k - k + 6*k. Determine h(u).
-6
Let s(l) be the second derivative of -l**5/20 - 5*l**4/12 + l**3/6 + l**2/2 + 3*l. Suppose t - 6*t = -5*h, -5*t = -h + 20. What is s(h)?
-4
Let w(g) = -4*g**3 + g**2 + g + 1. Let r = 2 + -3. Let o be w(r). Let d(l) be the first derivative of l**2 - 7*l + 1. Determine d(o).
3
Let c be (-1)/(-4) + (5 - 95/20). Let v(j) be the third derivative of 5/24*j**4 + 0*j + 0 - 2*j**2 - c*j**3 - 1/60*j**5. What is v(4)?
1
Suppose 0 = -5*z - 1 + 16. Let u(t) = 2*t**2 - 5*t + 3. Calculate u(z).
6
Let l(m) = 2 + 0*m - m + 2 - 5. Let f(o) = -7*o - 7. Let d(s) = -f(s) + 5*l(s). Suppose -5*x - h - 5 = 0, 3*h - 8*h + 25 = 0. Calculate d(x).
-2
Suppose 0 = -4*x - y - 2*y + 25, x - 10 = -2*y. Let v(i) = -4*i + 5 - 5*i**3 + i**3 + 5*i**2 + 3*i**3. Calculate v(x).
5
Let k(b) be the second derivative of b**4/12 + b**3/6 - 3*b**2/2 + 19*b. Calculate k(-3).
3
Suppose -30 = x - 3*x - 4*j, -4*x + 36 = 2*j. Let b(u) = -u**2 + 7*u - 7. Give b(x).
-7
Suppose -4*k + 0*k + 8 = 0. Suppose 18 + k = 5*b. Suppose b*t - 1 + 5 = 0. Let y(r) = 5*r**2 + 1. What is y(t)?
6
Let h be 3*(-1 + (-14)/(-6)). Let z(i) = 3*i. Let a(t) = -t. Let f(w) = h*a(w) + z(w). Let g = -31 - -27. Calculate f(g).
4
Suppose 2*v - n - 3 = 2*n, -15 = 5*n. Let u(w) = -w**3 - 2*w**2 - 4. Let t be u(v). Let y(f) = -f - 2. What is y(t)?
-7
Let p(f) = -4*f - 1. Suppose -d - 5*x = -23, -x = -d - d - 9. Determine p(d).
7
Let v(q) = q**2 - 7*q - 1. Suppose i + 5 - 6 = 0. Suppose 2*z - 13 = -i. What is v(z)?
-7
Let d(m) = -12*m - 12. Let g(n) = 4*n + 4. Let h be (12/(-18))/(2/(-9)). Let y(w) = h*d(w) + 10*g(w). Give y(-3).
-8
Suppose c + 1 - 3 = 0. Let p(j) = c*j**2 + 3*j**2 + 2 - 5*j - 4*j**2. Calculate p(3).
-4
Let v(p) = 4*p - 7*p - 6*p + p**2 + 3*p - 4. Calculate v(6).
-4
Let z(j) = -j**2 - j - 4. Let d(m) = 2*m**2 + 3*m + 9. Let q(o) = -2*d(o) - 5*z(o). Let b be 9/6*(-8)/(-6). Calculate q(b).
4
Let t be (20/12)/(2/(-6)). Let g(a) = -6*a - 33 + 26 + 5*a. Determine g(t).
-2
Let v(q) = q + 3. Let x be v(-2). Suppose 0 = -5*g - 4 - x. Let n(r) = -4*r**3 - r**2 - 2*r - 1. Give n(g).
4
Let d(c) = c**2 + 7*c + 5. Suppose -5*a + 13 = -2. Suppose 4*w - a*b + b + 16 = 0, 0 = 4*w + 4*b + 28. Calculate d(w).
-5
Let t = -7 + 4. Let a(j) = -j + 4. Let y be a(2). Let x(q) = -y*q - 4*q + 5*q. Calculate x(t).
3
Let b = -1 - -2. Suppose s = 5*k - 3*s - 4, 20 = 5*s. Let h(m) = -4 + 0*m + b - k*m. What is h(-2)?
5
Let o(g) = -2*g - 1 + 4*g - g**2 - 5 + 5. Give o(1).
0
Let f(p) = -2*p + 6. Let n(d) = 2*d**2 + 5*d + 1. Let z be n(-2). Let c(h) = -h. Let j(y) = z*f(y) + 3*c(y). Calculate j(6).
-12
Let w(a) = 4*a - 1. Let y be 2*(1 + -2) + 2. Suppose -3*f + 3*b = y, 2 + 7 = 5*f - 2*b. Determine w(f).
11
Let d be (4 - 1)*(-4)/(-6). Suppose 4*b = 3*b - x - 1, -5*b + x = -13. Let k(m) = -4*m**b + 0*m**3 + m**3 + m + 0*m**d. Calculate k(3).
-6
Let n(w) = -w**2 - w - 7. Let k be (-13)/39 + 1/3. Give n(k).
-7
Let p(y) = 2*y**3 - 15*y**2 + 7*y - 17. Let t(r) = r + 11. Let x be t(-8). Let o(i) = i**3 - 8*i**2 + 4*i - 9. Let g(q) = x*p(q) - 5*o(q). What is g(5)?
-1
Let v(o) = -2*o**3 - 8*o**2 - 11*o - 2. Let w(j) = j**3 + j**2 + j + 1. Let g(c) = -v(c) - 3*w(c). Calculate g(6).
11
Let l(t) be the third derivative of -t**5/12 + t**4/12 - t**3/2 + 8*t**2. Let k(p) = -19*p**2 + 8*p - 13. Let w(c) = -2*k(c) + 9*l(c). Give w(1).
-6
Let p = -3 + 4. Let r be (2/3)/(p/3). Suppose -2*t + 4 = -0*c + r*c, -5*c - 4*t = -9. Let o(v) = 4*v**2 + v. Calculate o(c).
5
Suppose -9 + 1 = 2*g - 3*p, -2*p = -8. Let n = 1 - 1. Let z(w) = 7*w + n*w - 2*w. Calculate z(g).
10
Suppose -3*k + 3 = -0. Let h(a) = k - 3 + 5 + a + 5. Calculate h(0).
8
Let j(v) = -4*v + 2. Suppose 4*w = -0 + 8. Give j(w).
-6
Let j(i) be the second derivative of -i**5/20 - i**4/2 - 2*i**3/3 - 2*i**2 + 17*i. What is j(-5)?
-9
Let g(i) = i**2 - i - 4. Let a = 1 - 4. Let k be -2*3/6*a. Calculate g(k).
2
Let w = -13 - -21. Let h(n) = n**3 - 8*n**2 - 2. Determine h(w).
-2
Let d(s) = s - 11 - 4*s**3 + s**3 - 6*s**3 + 12. Calculate d(-1).
9
Let f(v) = -7 - 2*v - 2*v + 4*v - 3*v. What is f(-6)?
11
Let t be 95/10 - 1/(-2). Let y(r) = -12*r**3 + 4*r**2 - t*r**2 + 4*r**2 - r. Determine y(-1).
11
Let w(t) = 2*t - 9. Suppose 2*x - x - 2*n = -10, 3*n - 13 = x. Let b be ((-14)/(-4))/((-2)/x). Let s be w(b). Let c(h) = h**2 - 5*h - 6. Give c(s).
-6
Let l(j) = -2*j**2 + 7*j - 2. Let h(t) = 0*t**2 + 4*t**2 + 8*t - 23*t + 3. Let o(w) = -2*h(w) - 5*l(w). Determine o(3).
7
Let t(f) = -6*f - 2*f - 3*f - 3 + 7*f**2 + f**3 + 2*f. Let b be t(-8). Let i(l) = -l**2 + 7*l - 6. Calculate i(b).
4
Let c(d) = d - 2. Let t(y) = 10*y + 42. Let f be t(-5). Determine c(f).
-10
Let j(a) = -2*a + a - 9 + 13. Calculate j(5).
-1
Suppose 4*m - 6 + 26 = 0. Let s = -7 - m. Let w(x) = -x. What is w(s)?
2
Let f(d) = 20 - 4*d - 2*d - 22. Calculate f(2).
-14
Let p(u) = -u**2 + u + 1. Suppose -3*n - n = 20. Let r(a) = -4*a**2 + 3. Let k(x) = n*p(x) + r(x). Calculate k(6).
4
Let x(d) be the second derivative of -d**3/2 + d**2/2 - 3*d - 3. Determine x(3).
-8
Let t = 13 - 7. Let u(b) = -b - 3. Let q(v) = v + 3. Let l(g) = t*u(g) + 7*q(g). What is l(-3)?
0
Suppose 2*h = -4 + 8, -3*m - 8 = -h. Let x(d) = -7*d**2 - 5*d + 2. Let t(k) = -8*k**2 - 6*k + 2. Let c(a) = 6*t(a) - 7*x(a). Give c(m).
4
Let i = -7 + 4. Let n(l) = l. Let j(m) = -6*m - 4. Suppose -b + 6*b - 5 = 0. Let c(o) = b*j(o) + 4*n(o). Give c(i).
2
Let q(b) = b - 9. Let n be q(9). Let m(l) = l**2 + l - 8. Give m(n).
-8
Suppose -19 = 5*f + z, -8*z + 3*z - 8 = -4*f. Let x be (-3)/((18/4)/(-3)). Let l(b) = -6*b**2 + 3*b**2 + 2*b**x - b. Calculate l(f).
-6
Let t(d) = -15*d + 7. Let n(y) = 8*y - 4. Let f(r) = -11*n(r) - 6*t(r). Suppose 0 = -4*a - 18 + 6. Calculate f(a).
-4
Let x(d) = 6*d**3 + d**2. Suppose 8 = 3*v + 11. Determine x(v).
-5
Let u(m) = m - 1. Let y(v) be the second derivative of 5*v**3/3 - 8*v**2 - 2*v. Let k(q) = -12*u(q) + y(q). Determine k(-3).
2
Suppose -5*z = -5, -2*o - z - 1 = -4*o. Let v(g) = -11*g**2 + g - 1. What is v(o)?
-11
Let x(c) = 6 - 7 - c + c + c. Let d(h) = 2*h - 3. Let u(i) = d(i) - 3*x(i). L